{"id":312,"date":"2020-09-29T16:32:06","date_gmt":"2020-09-29T14:32:06","guid":{"rendered":"http:\/\/cavokay-group.com\/?page_id=312"},"modified":"2020-09-30T19:58:41","modified_gmt":"2020-09-30T17:58:41","slug":"conseil-en-management-et-organisation","status":"publish","type":"page","link":"https:\/\/cavokay-group.com\/index.php\/colibri-wp\/conseil-en-management-et-organisation\/","title":{"rendered":"Conseil en management et organisation"},"content":{"rendered":"\n<h2>Objectifs : Am\u00e9liorer la performance <\/h2>\n\n\n\n<ul><li>Ajuster le business model, le positionnement produits, l\u2019impact du changement du comportement des clients, \u2026<\/li><li>Am\u00e9liorer sa comp\u00e9titivit\u00e9 par la d\u00e9clinaison op\u00e9rationnelle ajust\u00e9e des d\u00e9cisions strat\u00e9giques (efficacit\u00e9 op\u00e9rationnelle, modification des organisation, soucis permanent de la rentabilit\u00e9)<\/li><li>Prendre en compte le nouveau paradigme environnemental et r\u00e9glementaire (int\u00e9gration des politiques climatiques, du capitalisme inclusif et de la position des parties prenantes, opportunit\u00e9s de relocaliser en Europe).<\/li><\/ul>\n\n\n\n<h2>Exemples d&#8217;interventions<\/h2>\n\n\n\n<ul><li>Elaborer le Business model d\u2019une chaine de magasins de proximit\u00e9 sp\u00e9cialis\u00e9s en produits bio<\/li><li>Structurer les activit\u00e9s ainsi que les processus de gestion d\u2019un grand groupe non alimentaire en vue d\u2019utiliser de nouveaux canaux de distribution.<\/li><li>Analyse strat\u00e9gique de l\u2019approvisionnement en produits frais pour une grande chaine de distribution fran\u00e7aises.<\/li><li>Analyse strat\u00e9gique de la pertinence des assortiments en fonction des formats et de l\u2019implantation g\u00e9ographiques des magasins.<\/li><li>Retrouver la profitabilit\u00e9 d\u2019activit\u00e9s (cat\u00e9gories) en difficult\u00e9 : analyse de la concurrence, politique de sourcing, strat\u00e9gie de commercialisation et logistique, analyse de l\u2019organisation et du management des forces de vente<\/li><li>Renforcer le volume et la profitabilit\u00e9 des activit\u00e9s commerciales et promotionnelles \u2013 principaux pays d\u2019europe d\u2019un grand groupe de distribution<\/li><li>Restructuration et r\u00e9organisation d&#8217;activit\u00e9s industrielles multi-sites<\/li><li>Refonte des processus dans le cadre d&#8217;int\u00e9gration de nouvelles activit\u00e9s industrielles, commerciales, informatiques et back office<\/li><\/ul>\n\n\n\n<p><\/p>\n","protected":false},"excerpt":{"rendered":"<p>Objectifs : Am\u00e9liorer la performance Ajuster le business model, le positionnement produits, l\u2019impact du changement du comportement des clients, \u2026 Am\u00e9liorer sa comp\u00e9titivit\u00e9 par la d\u00e9clinaison op\u00e9rationnelle ajust\u00e9e des d\u00e9cisions strat\u00e9giques (efficacit\u00e9 op\u00e9rationnelle, modification des &hellip;<\/p>\n","protected":false},"author":1,"featured_media":323,"parent":64,"menu_order":0,"comment_status":"closed","ping_status":"closed","template":"","meta":[],"_links":{"self":[{"href":"https:\/\/cavokay-group.com\/index.php\/wp-json\/wp\/v2\/pages\/312"}],"collection":[{"href":"https:\/\/cavokay-group.com\/index.php\/wp-json\/wp\/v2\/pages"}],"about":[{"href":"https:\/\/cavokay-group.com\/index.php\/wp-json\/wp\/v2\/types\/page"}],"author":[{"embeddable":true,"href":"https:\/\/cavokay-group.com\/index.php\/wp-json\/wp\/v2\/users\/1"}],"replies":[{"embeddable":true,"href":"https:\/\/cavokay-group.com\/index.php\/wp-json\/wp\/v2\/comments?post=312"}],"version-history":[{"count":8,"href":"https:\/\/cavokay-group.com\/index.php\/wp-json\/wp\/v2\/pages\/312\/revisions"}],"predecessor-version":[{"id":411,"href":"https:\/\/cavokay-group.com\/index.php\/wp-json\/wp\/v2\/pages\/312\/revisions\/411"}],"up":[{"embeddable":true,"href":"https:\/\/cavokay-group.com\/index.php\/wp-json\/wp\/v2\/pages\/64"}],"wp:featuredmedia":[{"embeddable":true,"href":"https:\/\/cavokay-group.com\/index.php\/wp-json\/wp\/v2\/media\/323"}],"wp:attachment":[{"href":"https:\/\/cavokay-group.com\/index.php\/wp-json\/wp\/v2\/media?parent=312"}],"curies":[{"name":"wp","href":"https:\/\/api.w.org\/{rel}","templated":true}]}}